*f + 5*f - 2*s, -159 = -5*f - 3*s. Is f a multiple of 7?
False
Let i be (-5 - 6)*(-1 + -3). Suppose b = -b + i. Does 11 divide b?
True
Let t(n) = 2*n**2 - 2*n - 4. Let z be t(3). Does 3 divide (-20)/z*(-12)/10?
True
Suppose -2*s - 15 = -93. Is s a multiple of 13?
True
Suppose -a = -3*r + 29 - 75, 0 = -3*a - 2*r + 149. Is a a multiple of 12?
False
Let u = -2 + 2. Suppose s + u*c - 5*c - 68 = 0, -3*c = 3*s - 132. Is 20 a factor of s?
False
Suppose 0 = -5*n - 3*b - 21, b = -n - 3*b + 6. Let r be n/15 + (-147)/(-5). Let v = 43 - r. Does 7 divide v?
True
Suppose j = 5*o + 3*j - 149, 4*o - 114 = j. Suppose 5*c + o = -11. Let r(t) = -3*t + 7. Is 15 a factor of r(c)?
False
Let y be -4 - (-1)/((-3)/3). Does 16 divide ((-128)/6)/(y/15)?
True
Let a(h) be the second derivative of h**3/6 - 4*h**2 - h. Let x be a(8). Let m(z) = z + 3. Is m(x) a multiple of 3?
True
Suppose 5*z - 3*x = 2*x - 30, 0 = -2*x + 4. Is 6 a factor of 14 + (-1)/(-2)*z?
True
Let p = -6 + 8. Suppose 0*y = y + t - 30, p*y - 62 = -3*t. Is y a multiple of 14?
True
Let c(z) = -5*z**2 + 6*z - 6. Let x(h) = 14*h**2 - 19*h + 17. Let a(s) = 11*c(s) + 4*x(s). Does 12 divide a(11)?
False
Let z = -16 - -16. Suppose -2*s + 3*s - 70 = z. Is s a multiple of 24?
False
Let p(m) = m**2 - 23*m + 27. Is p(27) a multiple of 15?
True
Suppose 3*j - 119 = 2*x + 2*j, -4*x + 4*j - 232 = 0. Let r = x + 85. Is 24 a factor of r?
True
Suppose -i + j + 4*j = -156, -3*j = 9. Does 38 divide i?
False
Suppose -2*z + 8*d + 10 = 3*d, 3*z + d + 2 = 0. Suppose z = 2*v - 72 - 120. Suppose -5*y - 21 = -v. Is 4 a factor of y?
False
Suppose -l + 165 = 2*l. Does 11 divide l?
True
Let k be ((-6)/5)/((-6)/(-15)). Let l(p) = p**3 + 3*p**2 + 1. Let f be l(k). Suppose -3*x = 3, -s - 3*x - x = -f. Is s a multiple of 2?
False
Let q = -686 - -1027. Is q a multiple of 25?
False
Suppose -p + 3*p - 5*z - 28 = 0, 2*z + 56 = 4*p. Let u = 1 + p. Is u a multiple of 3?
True
Suppose -w + 14 = 4*c, 3*w = -0*c + 4*c - 38. Let m(r) = r**2 + 3*r + 9. Is 16 a factor of m(w)?
False
Suppose 5*w + r - 114 = 0, -w + 3*r + r = -27. Is 23 a factor of w?
True
Let t(l) = 16*l - 1. Is t(1) a multiple of 7?
False
Let j = -2 + -1. Let b = 1 - j. Does 4 divide b?
True
Let k = 0 + 2. Suppose 4*q = -b - k - 12, -4*q - 38 = -3*b. Does 3 divide b?
True
Does 4 divide 20 + ((-3)/(-1))/(-3)?
False
Let u(h) = -2*h**3 + h**2 + 2*h - 2. Let v be u(-3). Suppose 4*j = -16, 2*k + 0*k - 3*j + 6 = 0. Let a = v + k. Does 18 divide a?
False
Let l = 37 + -13. Is 12 a factor of l?
True
Let o(f) = 2*f**3 - 6*f**2 + 2*f - 10. Does 25 divide o(5)?
True
Let c(q) = q**3 - 3*q**2 + 5. Let a(n) = -n**3 + 3*n**2 - n - 6. Let x(z) = -2*a(z) - 3*c(z). Let y be x(3). Suppose y*w - 5 = 19. Is 8 a factor of w?
True
Let k(f) = 2*f**2 + f. Suppose -2*l + 5*h = 21, 2*h - 2 = 3*l + l. Suppose -4*z = -v - 9, -10 = -2*z - l*z + 2*v. Does 4 divide k(z)?
False
Let j = 144 + -45. Suppose -4*u + j = -3*g, 4*g = -5*u + 106 + 10. Does 8 divide u?
True
Is 18 a factor of ((-18)/(-4))/(-6 - (-343)/56)?
True
Does 18 divide (3 - -93)*15/20?
True
Let m be 183/12 + (-2)/8. Suppose 0*z - z = -m. Let s = z + -7. Is s a multiple of 7?
False
Let d(j) = j**2 + 4*j + 10. Is d(-15) a multiple of 20?
False
Suppose 188 - 63 = 5*k. Is 5 a factor of k?
True
Is 4 a factor of 55/((-25)/(-5)) + -1?
False
Suppose 3*c - 3 = 21. Let h be (c + -4)/((-2)/4). Let s = -4 - h. Does 4 divide s?
True
Let o(x) = -11*x + 2. Let c be o(-6). Suppose -4*g + c + 56 = 0. Is g a multiple of 19?
False
Suppose 3*z - 269 = k, -z + 10*k + 85 = 5*k. Suppose -g - 2*g + z = 0. Is 13 a factor of g?
False
Suppose 6*b + 9 = 3*b. Let p = b - -1. Does 8 divide (0 + p)*(-9 + 1)?
True
Let r = 133 - 55. Is r a multiple of 19?
False
Let b = -3 + 7. Suppose -16 = 3*q + b*f - 3*f, 0 = -q + f. Does 5 divide (-6)/q*40/6?
True
Let f = 77 + -19. Does 18 divide f?
False
Suppose p = 6*p - 20. Let c = 123 - 78. Is 3 a factor of p/18 + 350/c?
False
Is 33 a factor of (2 - 123)*((-3)/(-3) - 2)?
False
Let g be (-12)/(-54) - (-770)/18. Suppose 0 = 4*t - 16, -5*z + 203 = 5*t + g. Is z a multiple of 8?
False
Suppose 0 = -4*d + 405 - 29. Is 35 a factor of d?
False
Let r be 2 - (-5)/(15/(-6)). Suppose -3*k - v + 34 = -2*v, r = 4*k - 2*v - 42. Does 13 divide k?
True
Let x = 23 + -18. Suppose x*p - 2*p = 18. Does 6 divide p?
True
Let l = -19 + 19. Suppose l = 2*w - 4*d - 58, 3*w + 2*w + 5*d - 115 = 0. Does 11 divide w?
False
Let k = -9 - -16. Is 7 a factor of k?
True
Let s(p) = p - 12. Is s(15) even?
False
Suppose -2*d - 2*t = 22, 4*d - 2*t = 10 - 48. Let n(v) = -v**2 - 5*v - 3. Let b be n(-2). Is 21 a factor of -7*b*d/6?
False
Let h = -1 + 4. Suppose -h*q = q + 128. Is q/3*75/(-20) a multiple of 14?
False
Suppose 3*u + q + 41 = 0, 4*q + 80 = -5*u - 0*q. Let c = u - -26. Is c a multiple of 7?
True
Does 4 divide (-368)/(-24) - 2/(-3)?
True
Let m = -3 + 11. Does 8 divide m?
True
Let y(u) = u + 9. Let l be y(-7). Suppose -l*p = -130 + 26. Is p a multiple of 13?
True
Let f(g) = -9*g. Is 9 a factor of f(-3)?
True
Let x = 0 + -6. Let y = x + 6. Suppose y = -l + 5*l - 52. Is 7 a factor of l?
False
Suppose 0 = 4*o - 287 - 229. Let c = o - 58. Does 21 divide c?
False
Let b(v) = -v**2 + v - 4. Suppose 0 = -5*x + 5*s + 20, -s + 5*s + 4 = 0. Let n be b(x). Let f = n + 17. Does 4 divide f?
False
Let c(m) = m**2 + 1 + 0*m**2 + 0*m**2 - 6*m + 8. Suppose -53 + 18 = -5*b. Is c(b) a multiple of 8?
True
Suppose 0 = -3*b - 5*x + 32, -2*x - 2*x - 4 = -5*b. Suppose 10 = b*k - 3*k + 5*i, -3*i - 106 = -5*k. Is 18 a factor of 212/5 - 8/k?
False
Let x be (-8)/(-3)*(3 - 0). Suppose -i - x = i, 5*m + 5*i = 90. Is m a multiple of 16?
False
Suppose -10 = -5*u + 5. Suppose -4*w - u*a = -7*a - 64, -4*a = -w + 19. Does 8 divide w?
False
Let x be 0/(-1 - 1*-2). Let d(z) = z**3 + z**2 + z + 20. Let u be d(x). Suppose -5*l + u = o - 5, l = 5*o + 31. Is l a multiple of 5?
False
Suppose -4*g = -4*a - 4, 10 + 0 = 5*g - 4*a. Is 2 a factor of g?
True
Suppose -2*o = t - 2, 0 = -4*t - 3*o - 0 - 7. Let y = 24 - t. Let r = -10 + y. Does 6 divide r?
True
Let a(w) = -w**3 + 9*w**2 - 4*w + 11. Let p be a(7). Suppose -74 - p = -5*j. Does 15 divide j?
False
Suppose 0 = -v - 0*v - 5, 4*b = -2*v + 18. Let s = 54 + -41. Let p = s - b. Does 2 divide p?
True
Let i be 4 - (1 + -2)*-2. Suppose -10 = -i*l + 10. Is 8 a factor of l?
False
Let t(o) = o**3 + 10*o**2 + 2*o + 2. Let j be t(-7). Suppose 2*a = -a + j. Suppose 3*q = s + 35, -5*s - a = 3*q - 8*q. Is 5 a factor of q?
False
Suppose -32 = w - 104. Does 12 divide w?
True
Let k(j) = 2*j**2 - 2*j + 2. Let b be k(3). Let x be 7/((-1)/15 + (-18)/(-45)). Let i = x - b. Is i a multiple of 5?
False
Let v(x) = x**2 + 7*x - 2. Let t be v(-7). Let d = t - -4. Is d even?
True
Let t(c) = 3*c**2 - 13*c + 12. Let p be t(9). Let i = p + -68. Does 22 divide i?
False
Let t(o) = -o**2 - 6*o - 1. Let u be (-18)/5 + (-16)/40. Is t(u) a multiple of 4?
False
Is 22 a factor of ((-483)/28)/(6/(-64))?
False
Suppose -4*r = -4, -5*t + 1188 = 3*r + 145. Suppose 0*u - 3*u + j + t = 0, -3*j = 2*u - 124. Is u a multiple of 24?
False
Suppose 2*r - 36 - 214 = 0. Does 25 divide r?
True
Let i(h) = -8*h - 3*h**2 + 10*h**2 + 1 + 7*h. Is i(2) a multiple of 9?
True
Suppose o + 2*b - 132 = 0, -174 - 81 = -2*o - b. Let n = 101 + -176. Let j = n + o. Does 17 divide j?
True
Let c(j) be the third derivative of 27*j**6/40 + j**4/24 - j**3/6 - 5*j**2. Is c(1) a multiple of 27?
True
Let n = -7 + 9. Suppose 0 = -4*v + n*v + 8. Suppose -w = -4*r - 26, -90 = -v*w + r + r. Is w a multiple of 22?
True
Let s(o) be the second derivative of 5*o**3/6 + o**2 + o. Let v be (-2)/(4/(-11 - -3)). Does 11 divide s(v)?
True
Does 5 divide (-1950)/(-114) - 4/38?
False
Let g(p) = 2*p**2 + p + 1. Suppose -u - 8 = 5*w, -4*u + 4*w = u - 18. Let r be g(u). Let o = 18 - r. Does 7 divide o?
True
Suppose 2*y - 18 = -2*m + 94, 4 = 4*m. Suppose 0 = -4*q + 4, y - 6 = 4*g + q. Is g a multiple of 12?
True
Suppose -80 = 3*s - 8*s. Let o be (3 + -2)/(1/(-6)). Let r = s - o. Does 11 divide r?
True
Is (0 + -7)*51/(-21) a multiple of 8?
False
Suppose -4*k = -2*b - 306, k - 4*b - 144 = -k. Is 13 a factor of k?
True
Let g(j) = -j**3 - j**2 + j - 1. Let y be g(-2). Suppose s = -3*s - 2*c - 8, -3*c + 6 = -3*s. Is 13 + (y - 1)/s a multiple of 13?
True
Suppose 2*a 